Calculate the remainder when 25736 is divided by 144.
104
What is the remainder when 4290 is divided by 1410?
60
Calculate the remainder when 107590 is divided by 2289.
7
Calculate the remainder when 9955 is divided by 68.
27
What is the remainder when 14025 is divided by 499?
53
Calculate the remainder when 48325 is divided by 469.
18
What is the remainder when 6414 is divided by 2906?
602
Calculate the remainder when 16301 is divided by 193.
89
Calculate the remainder when 227605 is divided by 16257.
7
Calculate the remainder when 1538 is divided by 365.
78
What is the remainder when 41010 is divided by 494?
8
What is the remainder when 4620 is divided by 243?
3
What is the remainder when 679268 is divided by 57?
56
What is the remainder when 7838 is divided by 1307?
1303
Calculate the remainder when 425721 is divided by 212838.
45
Calculate the remainder when 1567 is divided by 1547.
20
Calculate the remainder when 1521 is divided by 651.
219
What is the remainder when 27652 is divided by 91?
79
What is the remainder when 10153 is divided by 177?
64
What is the remainder when 17052 is divided by 126?
42
Calculate the remainder when 3256 is divided by 1081.
13
Calculate the remainder when 84289 is divided by 126.
121
Calculate the remainder when 22987 is divided by 21.
13
What is the remainder when 8006 is divided by 3961?
84
Calculate the remainder when 24896 is divided by 1791.
1613
Calculate the remainder when 2978627 is divided by 190.
187
What is the remainder when 369883 is divided by 187?
184
Calculate the remainder when 6469375 is divided by 592.
591
Calculate the remainder when 695 is divided by 86.
7
Calculate the remainder when 13358 is divided by 13342.
16
What is the remainder when 8554 is divided by 55?
29
Calculate the remainder when 483988 is divided by 1198.
1194
What is the remainder when 222151 is divided by 5?
1
Calculate the remainder when 1000070 is divided by 328.
326
Calculate the remainder when 16528 is divided by 236.
8
Calculate the remainder when 18532 is divided by 18522.
10
What is the remainder when 50819 is divided by 132?
131
Calculate the remainder when 1327 is divided by 19.
16
Calculate the remainder when 3481 is divided by 59.
0
What is the remainder when 46833 is divided by 442?
423
Calculate the remainder when 1758 is divided by 51.
24
What is the remainder when 29999 is divided by 42?
11
Calculate the remainder when 14417 is divided by 7.
4
What is the remainder when 195848 is divided by 97922?
4
Calculate the remainder when 332438 is divided by 37.
30
What is the remainder when 6551 is divided by 186?
41
What is the remainder when 1811 is divided by 454?
449
Calculate the remainder when 154384 is divided by 55.
54
Calculate the remainder when 1413502 is divided by 288.
286
What is the remainder when 12982 is divided by 148?
106
What is the remainder when 162437 is divided by 27069?
23
What is the remainder when 2910 is divided by 132?
6
Calculate the remainder when 43244 is divided by 53.
49
Calculate the remainder when 1298 is divided by 549.
200
What is the remainder when 19954 is divided by 24?
10
What is the remainder when 100485 is divided by 402?
387
What is the remainder when 103716 is divided by 583?
525
What is the remainder when 27989 is divided by 52?
13
What is the remainder when 1116 is divided by 179?
42
Calculate the remainder when 12591 is divided by 224.
47
Calculate the remainder when 10526 is divided by 254.
112
What is the remainder when 2473 is divided by 727?
292
Calculate the remainder when 13620 is divided by 367.
41
Calculate the remainder when 3288 is divided by 120.
48
What is the remainder when 474495 is divided by 102?
93
Calculate the remainder when 46970 is divided by 5860.
90
Calculate the remainder when 2535 is divided by 1096.
343
Calculate the remainder when 31241 is divided by 34.
29
Calculate the remainder when 518284 is divided by 9.
1
Calculate the remainder when 20663 is divided by 10.
3
What is the remainder when 6236 is divided by 160?
156
Calculate the remainder when 562 is divided by 13.
3
Calculate the remainder when 38326 is divided by 6.
4
What is the remainder when 8238 is divided by 382?
216
Calculate the remainder when 12959 is divided by 381.
5
Calculate the remainder when 257536 is divided by 427.
55
What is the remainder when 165305 is divided by 6?
5
Calculate the remainder when 2705 is divided by 212.
161
Calculate the remainder when 614475 is divided by 23633.
17
What is the remainder when 86264 is divided by 111?
17
What is the remainder when 154480 is divided by 14027?
183
What is the remainder when 1797073 is divided by 56158?
17
What is the remainder when 9815 is divided by 2409?
179
What is the remainder when 22122 is divided by 31?
19
What is the remainder when 23128 is divided by 10?
8
What is the remainder when 28561 is divided by 13957?
647
What is the remainder when 48175 is divided by 109?
106
Calculate the remainder when 7877 is divided by 7814.
63
What is the remainder when 18897 is divided by 839?
439
What is the remainder when 79023 is divided by 5?
3
What is the remainder when 3102 is divided by 310?
2
Calculate the remainder when 21647 is divided by 117.
2
Calculate the remainder when 1359 is divided by 95.
29
What is the remainder when 320463 is divided by 43?
27
What is the remainder when 1818 is divided by 210?
138
Calculate the remainder when 5818 is divided by 677.
402
Calculate the remainder when 89875 is divided by 384.
19
What is the remainder when 133238 is divided by 141?
134
What is the remainder when 1338 is divided by 224?
218
What is the remainder when 3402 is divided by 401?
194
Calculate the remainder when 127011 is divided by 17.
4
What is the remainder when 977 is divided by 214?
121
What is the remainder when 17652 is divided by 8264?
1124
Calculate the remainder when 223091 is divided by 361.
354
Calculate the remainder when 10609 is divided by 52.
1
What is the remainder when 3273 is divided by 44?
17
Calculate the remainder when 1794 is divided by 731.
332
Calculate the remainder when 1490 is divided by 92.
18
Calculate the remainder when 34726 is divided by 76.
70
Calculate the remainder when 42360 is divided by 242.
10
What is the remainder when 2260 is divided by 554?
44
What is the remainder when 100806 is divided by 129?
57
Calculate the remainder when 1973 is divided by 777.
419
What is the remainder when 441334 is divided by 11?
3
What is the remainder when 12121 is divided by 428?
137
Calculate the remainder when 1328 is divided by 147.
5
What is the remainder when 3959 is divided by 46?
3
Calculate the remainder when 4295 is divided by 462.
137
Calculate the remainder when 16625 is divided by 24.
17
What is the remainder when 98065 is divided by 13?
6
Calculate the remainder when 306539 is divided by 260.
259
Calculate the remainder when 4522 is divided by 46.
14
What is the remainder when 2910 is divided by 1452?
6
Calculate the remainder when 8241 is divided by 1169.
58
What is the remainder when 1882 is divided by 626?
4
What is the remainder when 19355 is divided by 32?
27
What is the remainder when 340255 is divided by 569?
562
What is the remainder when 2042 is divided by 437?
294
Calculate the remainder when 26220 is divided by 86.
76
Calculate the remainder when 47247 is divided by 33.
24
Calculate the remainder when 193040 is divided by 9.
8
Calculate the remainder when 7852 is divided by 4.
0
What is the remainder when 93779 is divided by 164?
135
What is the remainder when 2663 is divided by 665?
3
What is the remainder when 23009 is divided by 329?
308
What is the remainder when 199643 is divided by 1305?
1283
Calculate the remainder when 13539 is divided by 3216.
675
What is the remainder when 5756 is divided by 1133?
91
Calculate the remainder when 21586 is divided by 10762.
62
Calculate the remainder when 45294 is divided by 5654.
62
What is the remainder when 2742 is divided by 6?
0
Calculate the remainder when 39185 is divided by 13015.
140
Calculate the remainder when 20721 is divided by 1107.
795
What is the remainder when 30994 is divided by 4398?
208
What is the remainder when 1203 is divided by 51?
30
What is the remainder when 4955 is divided by 310?
305
What is the remai